{"id":826,"date":"2020-09-21T22:09:00","date_gmt":"2020-09-21T20:09:00","guid":{"rendered":"https:\/\/www.adfc-starnberg.de\/lastenradbuchung\/?page_id=826"},"modified":"2021-04-05T18:46:38","modified_gmt":"2021-04-05T16:46:38","slug":"rechtliches","status":"publish","type":"page","link":"https:\/\/www.adfc-starnberg.de\/lastenradbuchung\/rechtliches\/","title":{"rendered":"Rechtliches"},"content":{"rendered":"<p><a href=\"https:\/\/www.adfc-starnberg.de\/lastenradbuchung\/wp-content\/uploads\/2020\/09\/LastenradGilbert_Leihvertrag_2020_09_26.pdf\">Leihvertrag<\/a>\u00a0(pdf-Dokument) zum Durchlesen, Ausdrucken, Ausf\u00fcllen und zum Abgeben bei der Ausleihe.<\/p>\n<p><a href=\"https:\/\/www.adfc-starnberg.de\/lastenradbuchung\/wp-content\/uploads\/2020\/09\/LastenradGilbert_Nutzungsbedingungen_2020_09_26.pdf\">Nutzungsbedingungen<\/a> vom Lastenrad (pdf-Dokument).<\/p>\n<p><a href=\"https:\/\/www.adfc-starnberg.de\/footermenue\/datenschutz\/\" target=\"_blank\" rel=\"noopener noreferrer\">Datenschutzerkl\u00e4rung<\/a> f\u00fcr diese Webseiten.<\/p>\n<p><a href=\"https:\/\/www.adfc-starnberg.de\/impressum\/\" target=\"_blank\" rel=\"noopener noreferrer\">Impressum<\/a><\/p>\n\n\n<p><a href=\"https:\/\/www.adfc-starnberg.de\/kontakt\/\">Kontakt<\/a> zum ADFC Starnberg.<\/p>\n","protected":false},"excerpt":{"rendered":"<p>Leihvertrag\u00a0(pdf-Dokument) zum Durchlesen, Ausdrucken, Ausf\u00fcllen und zum Abgeben bei der Ausleihe. Nutzungsbedingungen vom Lastenrad (pdf-Dokument). Datenschutzerkl\u00e4rung f\u00fcr diese Webseiten. Impressum Kontakt zum ADFC Starnberg.<\/p>\n","protected":false},"author":112,"featured_media":0,"parent":0,"menu_order":0,"comment_status":"closed","ping_status":"closed","template":"","meta":{"neve_meta_sidebar":"","neve_meta_container":"","neve_meta_enable_content_width":"","neve_meta_content_width":0,"neve_meta_title_alignment":"","neve_meta_author_avatar":"","neve_post_elements_order":"","neve_meta_disable_header":"","neve_meta_disable_footer":"","neve_meta_disable_title":""},"_links":{"self":[{"href":"https:\/\/www.adfc-starnberg.de\/lastenradbuchung\/wp-json\/wp\/v2\/pages\/826"}],"collection":[{"href":"https:\/\/www.adfc-starnberg.de\/lastenradbuchung\/wp-json\/wp\/v2\/pages"}],"about":[{"href":"https:\/\/www.adfc-starnberg.de\/lastenradbuchung\/wp-json\/wp\/v2\/types\/page"}],"author":[{"embeddable":true,"href":"https:\/\/www.adfc-starnberg.de\/lastenradbuchung\/wp-json\/wp\/v2\/users\/112"}],"replies":[{"embeddable":true,"href":"https:\/\/www.adfc-starnberg.de\/lastenradbuchung\/wp-json\/wp\/v2\/comments?post=826"}],"version-history":[{"count":13,"href":"https:\/\/www.adfc-starnberg.de\/lastenradbuchung\/wp-json\/wp\/v2\/pages\/826\/revisions"}],"predecessor-version":[{"id":929,"href":"https:\/\/www.adfc-starnberg.de\/lastenradbuchung\/wp-json\/wp\/v2\/pages\/826\/revisions\/929"}],"wp:attachment":[{"href":"https:\/\/www.adfc-starnberg.de\/lastenradbuchung\/wp-json\/wp\/v2\/media?parent=826"}],"curies":[{"name":"wp","href":"https:\/\/api.w.org\/{rel}","templated":true}]}}