{"id":98,"date":"2017-12-02T17:46:40","date_gmt":"2017-12-02T16:46:40","guid":{"rendered":"https:\/\/www.adfc-starnberg.de\/lastenradbuchung\/?page_id=98"},"modified":"2023-05-17T07:13:08","modified_gmt":"2023-05-17T05:13:08","slug":"gerdi-das-fuerther-lastenrad","status":"publish","type":"page","link":"https:\/\/www.adfc-starnberg.de\/lastenradbuchung\/","title":{"rendered":"\u00dcberblick"},"content":{"rendered":"<p>Herzlich willkommen auf den Buchungsseiten f\u00fcr das Elektro-Lastenfahrrad <em>Gilbert<\/em> vom ADFC Gilching.<\/p>\n<p><img decoding=\"async\" loading=\"lazy\" class=\"aligncenter wp-image-701 size-large\" src=\"https:\/\/www.adfc-starnberg.de\/lastenradbuchung\/wp-content\/uploads\/2020\/08\/CARGOVILLE_14_HafenBhf-4590_SW_04b_cut-1024x674.jpg\" alt=\"\" width=\"584\" height=\"384\" srcset=\"https:\/\/www.adfc-starnberg.de\/lastenradbuchung\/wp-content\/uploads\/2020\/08\/CARGOVILLE_14_HafenBhf-4590_SW_04b_cut-1024x674.jpg 1024w, https:\/\/www.adfc-starnberg.de\/lastenradbuchung\/wp-content\/uploads\/2020\/08\/CARGOVILLE_14_HafenBhf-4590_SW_04b_cut-300x197.jpg 300w, https:\/\/www.adfc-starnberg.de\/lastenradbuchung\/wp-content\/uploads\/2020\/08\/CARGOVILLE_14_HafenBhf-4590_SW_04b_cut-150x99.jpg 150w, https:\/\/www.adfc-starnberg.de\/lastenradbuchung\/wp-content\/uploads\/2020\/08\/CARGOVILLE_14_HafenBhf-4590_SW_04b_cut-768x505.jpg 768w, https:\/\/www.adfc-starnberg.de\/lastenradbuchung\/wp-content\/uploads\/2020\/08\/CARGOVILLE_14_HafenBhf-4590_SW_04b_cut-1536x1011.jpg 1536w, https:\/\/www.adfc-starnberg.de\/lastenradbuchung\/wp-content\/uploads\/2020\/08\/CARGOVILLE_14_HafenBhf-4590_SW_04b_cut-2048x1348.jpg 2048w, https:\/\/www.adfc-starnberg.de\/lastenradbuchung\/wp-content\/uploads\/2020\/08\/CARGOVILLE_14_HafenBhf-4590_SW_04b_cut-456x300.jpg 456w\" sizes=\"(max-width: 584px) 100vw, 584px\" \/><\/p>\n<h2>Wer, warum und f\u00fcr was?<\/h2>\n<p>Der <a href=\"http:\/\/www.adfc-gilching.de\">ADFC Gilching<\/a> bietet erstmals f\u00fcr alle in Gilching ein Elektro-Lastenfahrrad zur kostenlosen Ausleihe an. Wir treten mit dem \u201eLong John\u201c von <a href=\"https:\/\/www.bergamont.com\/de\/de\/product\/bergamont-e-cargoville-lj-expert\">Bergamont<\/a> (Zuladung bis zu 90 kg!) an, um zu beweisen, dass Individualverkehr in Gilching ohne Auto besser, umweltfreundlicher und platzsparender funktionieren kann. Mit einem Lastenfahrrad wird es beispielsweise leichter m\u00f6glich sein, den Gro\u00dfeinkauf in einem Supermarkt auch ohne Auto bew\u00e4ltigen zu k\u00f6nnen oder auch f\u00fcr ein gr\u00f6\u00dferes Picknick den Grill zu transportieren. Und dabei noch Spa\u00df zu haben!<\/p>\n\n\n<h2 class=\"wp-block-heading\">Preise<\/h2>\n\n\n\n<p>Das Lastenrad wird <strong>kostenlos <\/strong>angeboten!<\/p>\n\n\n\n<p>Wir bitten trotzdem um <a href=\"https:\/\/www.adfc-starnberg.de\/lastenradbuchung\/spenden\/\" data-type=\"page\" data-id=\"924\">Geldspenden<\/a> und suchen nach Sponsoren. Warum? Es fallen einfach \u00fcbliche Betriebskosten an &#8211; das Fahrradhaus Silbernagl k\u00fcmmert sich um die Wartung des Fahrrads, die Versicherung ist auch nicht umsonst.<\/p>\n\n\n\n<h2 class=\"wp-block-heading\">Ausleihen<\/h2>\n\n\n\n<p>Das Lastenrad kann nach <a href=\"https:\/\/www.adfc-starnberg.de\/lastenradbuchung\/my-bookings\" data-type=\"URL\" data-id=\"https:\/\/www.adfc-starnberg.de\/lastenradbuchung\/my-bookings\">Registrierung, bzw. Anmeldung<\/a> reserviert werden &#8211; lesen Sie, <a href=\"https:\/\/www.adfc-starnberg.de\/lastenradbuchung\/so-funktioniert-es\/\" data-type=\"page\" data-id=\"153\">wie es funktioniert<\/a>.<\/p>\n\n\n\n<div class=\"wp-block-group is-layout-flow\"><div class=\"wp-block-group__inner-container\"><\/div><\/div>\n\n\n\n<p><\/p>\n","protected":false},"excerpt":{"rendered":"<p>Herzlich willkommen auf den Buchungsseiten f\u00fcr das Elektro-Lastenfahrrad Gilbert vom ADFC Gilching. Wer, warum und f\u00fcr was? Der ADFC Gilching bietet erstmals f\u00fcr alle in Gilching ein Elektro-Lastenfahrrad zur kostenlosen Ausleihe an. Wir treten mit dem \u201eLong John\u201c von Bergamont (Zuladung bis zu 90 kg!) an, um zu beweisen, dass Individualverkehr in Gilching ohne Auto&hellip;&nbsp;<a href=\"https:\/\/www.adfc-starnberg.de\/lastenradbuchung\/\" rel=\"bookmark\">Weiterlesen &raquo;<span class=\"screen-reader-text\">\u00dcberblick<\/span><\/a><\/p>\n","protected":false},"author":111,"featured_media":0,"parent":0,"menu_order":0,"comment_status":"closed","ping_status":"closed","template":"","meta":{"neve_meta_sidebar":"","neve_meta_container":"","neve_meta_enable_content_width":"","neve_meta_content_width":0,"neve_meta_title_alignment":"","neve_meta_author_avatar":"","neve_post_elements_order":"","neve_meta_disable_header":"","neve_meta_disable_footer":"","neve_meta_disable_title":""},"_links":{"self":[{"href":"https:\/\/www.adfc-starnberg.de\/lastenradbuchung\/wp-json\/wp\/v2\/pages\/98"}],"collection":[{"href":"https:\/\/www.adfc-starnberg.de\/lastenradbuchung\/wp-json\/wp\/v2\/pages"}],"about":[{"href":"https:\/\/www.adfc-starnberg.de\/lastenradbuchung\/wp-json\/wp\/v2\/types\/page"}],"author":[{"embeddable":true,"href":"https:\/\/www.adfc-starnberg.de\/lastenradbuchung\/wp-json\/wp\/v2\/users\/111"}],"replies":[{"embeddable":true,"href":"https:\/\/www.adfc-starnberg.de\/lastenradbuchung\/wp-json\/wp\/v2\/comments?post=98"}],"version-history":[{"count":105,"href":"https:\/\/www.adfc-starnberg.de\/lastenradbuchung\/wp-json\/wp\/v2\/pages\/98\/revisions"}],"predecessor-version":[{"id":1253,"href":"https:\/\/www.adfc-starnberg.de\/lastenradbuchung\/wp-json\/wp\/v2\/pages\/98\/revisions\/1253"}],"wp:attachment":[{"href":"https:\/\/www.adfc-starnberg.de\/lastenradbuchung\/wp-json\/wp\/v2\/media?parent=98"}],"curies":[{"name":"wp","href":"https:\/\/api.w.org\/{rel}","templated":true}]}}